{"id":36,"date":"2022-01-25T17:27:41","date_gmt":"2022-01-25T16:27:41","guid":{"rendered":"https:\/\/passform.biba.uni-bremen.de\/?page_id=36"},"modified":"2022-02-02T16:55:30","modified_gmt":"2022-02-02T15:55:30","slug":"datenschutz","status":"publish","type":"page","link":"https:\/\/passform.biba.uni-bremen.de\/index.php\/datenschutz\/","title":{"rendered":"Datenschutz"},"content":{"rendered":"\t\t<div data-elementor-type=\"wp-page\" data-elementor-id=\"36\" class=\"elementor elementor-36\">\n\t\t\t\t\t\t<section class=\"elementor-section elementor-top-section elementor-element elementor-element-d39c214 elementor-section-boxed elementor-section-height-default elementor-section-height-default\" data-id=\"d39c214\" data-element_type=\"section\">\n\t\t\t\t\t\t<div class=\"elementor-container elementor-column-gap-default\">\n\t\t\t\t\t<div class=\"elementor-column elementor-col-100 elementor-top-column elementor-element elementor-element-3848e4a\" data-id=\"3848e4a\" data-element_type=\"column\">\n\t\t\t<div class=\"elementor-widget-wrap elementor-element-populated\">\n\t\t\t\t\t\t<div class=\"elementor-element elementor-element-985da64 elementor-widget elementor-widget-text-editor\" data-id=\"985da64\" data-element_type=\"widget\" data-widget_type=\"text-editor.default\">\n\t\t\t\t<div class=\"elementor-widget-container\">\n\t\t\t<style>\/*! elementor - v3.23.0 - 05-08-2024 *\/\n.elementor-widget-text-editor.elementor-drop-cap-view-stacked .elementor-drop-cap{background-color:#69727d;color:#fff}.elementor-widget-text-editor.elementor-drop-cap-view-framed .elementor-drop-cap{color:#69727d;border:3px solid;background-color:transparent}.elementor-widget-text-editor:not(.elementor-drop-cap-view-default) .elementor-drop-cap{margin-top:8px}.elementor-widget-text-editor:not(.elementor-drop-cap-view-default) .elementor-drop-cap-letter{width:1em;height:1em}.elementor-widget-text-editor .elementor-drop-cap{float:left;text-align:center;line-height:1;font-size:50px}.elementor-widget-text-editor .elementor-drop-cap-letter{display:inline-block}<\/style>\t\t\t\t<p>Herzlich Willkommen! Wir freuen uns \u00fcber Ihren Besuch auf unserer Webseite. Nachfolgend m\u00f6chten wir Sie \u00fcber den Umgang mit Ihren Daten gem. Art. 13 Datenschutzgrundverordnung (DSGVO) informieren.<\/p><h2>Verantwortlicher<\/h2><p>Verantwortlich f\u00fcr die nachfolgend dargestellte Datenerhebung und -verarbeitung ist die im\u00a0<strong><a href=\"https:\/\/www.iris-projekt.de\/impressum\/?customize_changeset_uuid=68ebd5b1-5f0c-4da0-80b7-1a41889a8ec4&amp;customize_messenger_channel=preview-3\" target=\"_blank\" rel=\"noreferrer noopener\">Impressum<\/a>\u00a0<\/strong>genannte Stelle.<\/p><h2>Speicherdauer<\/h2><p>Wir l\u00f6schen personenbezogene Daten, wenn sie f\u00fcr die vorgenannten Verarbeitungszwecke nicht mehr erforderlich sind und keine gesetzlichen Aufbewahrungspflichten einer L\u00f6schung entgegenstehen.<\/p><h2>M\u00f6gliche Datenempf\u00e4nger<\/h2><p>Eine \u00dcbermittlung von Daten an Dritte im Sinne des Art. 4 Ziff. 10 DSGVO erfolgt nicht.<\/p><h2>Pers\u00f6nliche Angaben<\/h2><p>Angaben, die Sie uns im Rahmen der Kontaktaufnahme \u00fcberlassen, verwenden wir ausschlie\u00dflich zur Bearbeitung Ihrer Anfrage. Ihre Daten werden nicht an Dritte weitergegeben. Nach sp\u00e4testens einem Jahr werden diese Daten gel\u00f6scht.<\/p><h2>Cookies<\/h2><p>Unser Angebot ist nicht auf das Setzen von Cookies angewiesen. Cookies sind kleine Dateien, die auf der Festplatte eines Besuchers abgelegt werden. Sie erlauben es, Informationen \u00fcber einen bestimmten Zeitraum vorzuhalten und den Rechner des Besuchers zu identifizieren. Wir verzichten auf das Setzen von Cookies.<\/p><h2>Eingebettete Inhalte von anderen Websiten<\/h2><p>Auf unseren Webseiten betten wir Videos oder Links ein, die nicht auf unseren Servern gespeichert sind. Hierdurch erh\u00e4lt der Drittanbieter die Information, dass Sie unsere Seite aufgerufen haben sowie die in diesem Rahmen technisch erforderlichen Nutzungsdaten. Au\u00dferdem ist der Drittanbieter dann in der Lage Trackingtechnologien zu implementieren. Wir haben auf die weitere Datenverarbeitung durch den Drittanbieter keinen Einfluss. Bitte beachten Sie, dass die Einbettung vieler Videos dazu f\u00fchrt, dass Ihre Daten au\u00dferhalb der EU bzw. des EWR verarbeitet werden. In einigen L\u00e4ndern besteht dabei das Risiko, dass Beh\u00f6rden auf die Daten zu Sicherheits- und \u00dcberwachungszwecken zugreifen, ohne dass Sie hier\u00fcber informiert werden oder Rechtsmittel einlegen k\u00f6nnen. Sofern wir Anbieter in unsicheren Drittl\u00e4ndern einsetzen, erfolgt die \u00dcbermittlung in ein unsicheres Drittland auf Grundlage von Art. 49 Abs. 1 lit. a DSGVO.<\/p><h2>Ihre Rechte als betroffene Person<\/h2><p>Bei der Verarbeitung Ihrer personenbezogenen Daten gew\u00e4hrt die DSGVO Ihnen als betroffene Person bestimmte Rechte:<\/p><p><em>Auskunftsrecht (Art. 15 DSGVO)<\/em><br \/>Sie haben das Recht eine Best\u00e4tigung dar\u00fcber zu verlangen, ob Sie betreffende personenbezogene Daten verarbeitet werden; ist dies der Fall, so haben Sie ein Recht auf Auskunft \u00fcber diese personenbezogenen Daten und auf die in Art. 15 DSGVO im Einzelnen aufgef\u00fchrten Informationen.<\/p><p><em>Recht auf Berichtigung (Art. 16 DSGVO)<\/em><br \/>Sie haben das Recht, unverz\u00fcglich die Berichtigung Sie betreffender unrichtiger personenbezogener Daten und ggf. die Vervollst\u00e4ndigung unvollst\u00e4ndiger Daten zu verlangen.<\/p><p><em>Recht auf L\u00f6schung (Art. 17 DSGVO)<\/em><br \/>Sie haben das Recht, zu verlangen, dass Sie betreffende personenbezogene Daten unverz\u00fcglich gel\u00f6scht werden, sofern einer der in Art. 17 DSGVO im Einzelnen aufgef\u00fchrten Gr\u00fcnde zutrifft.<\/p><p><em>Recht auf Einschr\u00e4nkung der Verarbeitung (Art. 18 DSGVO)<\/em><br \/>Sie haben das Recht, die Einschr\u00e4nkung der Verarbeitung zu verlangen, wenn eine der in Art. 18 DSGVO aufgef\u00fchrten Voraussetzungen gegeben ist, z. B. wenn Sie Widerspruch gegen die Verarbeitung eingelegt haben, f\u00fcr die Dauer der Pr\u00fcfung durch den Verantwortlichen.<\/p><p><em>Recht auf Daten\u00fcbertragbarkeit (Art. 20 DSGVO)<\/em><br \/>In bestimmten F\u00e4llen, die in Art. 20 DSGVO im Einzelnen aufgef\u00fchrt sind, haben Sie das Recht, die Sie betreffenden personenbezogenen Daten in einem strukturierten, g\u00e4ngigen und maschinenlesbaren Format zu erhalten bzw. die \u00dcbermittlung dieser Daten an einen Dritten zu verlangen.<\/p><p><em>Widerrufsrecht (Art. 7 DSGVO)<\/em><br \/>Sofern die Verarbeitung von Daten auf Grundlage Ihrer Einwilligung erfolgt, sind Sie nach Art. 7 Abs. 3 DSGVO berechtigt, die Einwilligung in die Verwendung Ihrer personenbezogenen Daten jederzeit zu widerrufen. Bitte beachten Sie, dass der Widerruf erst f\u00fcr die Zukunft wirkt. Verarbeitungen, die vor dem Widerruf erfolgt sind, sind davon nicht betroffen.<\/p><p><em>Widerspruchsrecht (Art. 21 DSGVO)<\/em><br \/>Werden Daten auf Grundlage von Art. 6 Abs. 1 S. 1 lit. f DSGVO (Datenverarbeitung zur Wahrung berechtigter Interessen) oder auf Grundlage von Art. 6 Abs. 1 S. 1 lit. e DSGVO (Datenverarbeitung zur Wahrung \u00f6ffentlichen Interesse oder in Aus\u00fcbung \u00f6ffentlicher Gewalt) erhoben, steht Ihnen das Recht zu, aus Gr\u00fcnden, die sich aus Ihrer besonderen Situation ergeben, jederzeit gegen die Verarbeitung Widerspruch einzulegen. Wir verarbeiten die personenbezogenen Daten dann nicht mehr, es sei denn, es liegen nachweisbar zwingende schutzw\u00fcrdige Gr\u00fcnde f\u00fcr die Verarbeitung vor, die gegen\u00fcber Ihren Interessen, Rechten und Freiheiten \u00fcberwiegen, oder die Verarbeitung dient der Geltendmachung, Aus\u00fcbung oder Verteidigung von Rechtsanspr\u00fcchen.<\/p><p><em>Beschwerderecht bei einer Aufsichtsbeh\u00f6rde (Art. 77 DSGVO)<\/em><br \/>Sie haben gem. Art. 77 DSGVO das Recht auf Beschwerde bei einer Aufsichtsbeh\u00f6rde, wenn Sie der Ansicht sind, dass die Verarbeitung der Sie betreffenden Daten gegen datenschutzrechtliche Bestimmungen verst\u00f6\u00dft. Das Beschwerderecht kann insbesondere bei einer Aufsichtsbeh\u00f6rde in dem Mitgliedstaat Ihres gew\u00f6hnlichen Aufenthaltsorts, Ihres Arbeitsplatzes oder des Orts des mutma\u00dflichen Versto\u00dfes geltend gemacht werden.<\/p><p><em>Geltendmachung Ihrer Rechte<\/em><br \/>Sofern vorstehend nichts anderes beschrieben wurde, wenden Sie sich zur Geltendmachung Ihrer Betroffenenrechte bitte an die im Impressum genannte Stelle.<\/p><h2>Kontaktdaten des Datenschutzbeauftragten<\/h2><p>Dr. Uwe Schl\u00e4ger datenschutz nord GmbH<br \/>Konsul-Smidt-Stra\u00dfe 88<br \/>28217 Bremen<br \/>Web:\u00a0<a href=\"https:\/\/mail.biba.uni-bremen.de\/owa\/redir.aspx?C=u9KIeyEzehCOH1SfJkOWEY5JHYXf5QdEmEgDygZ-d9QLzFxCuSzZCA..&amp;URL=http%3a%2f%2fwww.datenschutz-nord.de\" target=\"_blank\" rel=\"noreferrer noopener\">www.datenschutz-nord.de<\/a><br \/>E-Mail:\u00a0<a href=\"https:\/\/mail.biba.uni-bremen.de\/owa\/redir.aspx?C=oAs7C_tWX2B6lTnQa7IpzPK6UsEYpHYp_s0co8rTRSELzFxCuSzZCA..&amp;URL=mailto%3aoffice%40datenschutz-nord.de\" target=\"_blank\" rel=\"noreferrer noopener\">office@datenschutz-nord.de<\/a><br \/>Telefon: 0421 69 66 32 0<\/p>\t\t\t\t\t\t<\/div>\n\t\t\t\t<\/div>\n\t\t\t\t\t<\/div>\n\t\t<\/div>\n\t\t\t\t\t<\/div>\n\t\t<\/section>\n\t\t\t\t<\/div>\n\t\t","protected":false},"excerpt":{"rendered":"<p>Herzlich Willkommen! Wir freuen uns \u00fcber Ihren Besuch auf unserer Webseite. Nachfolgend m\u00f6chten wir Sie \u00fcber den Umgang mit Ihren Daten gem. Art. 13 Datenschutzgrundverordnung (DSGVO) informieren. Verantwortlicher Verantwortlich f\u00fcr die nachfolgend dargestellte Datenerhebung und -verarbeitung ist die im\u00a0Impressum\u00a0genannte Stelle. Speicherdauer Wir l\u00f6schen personenbezogene Daten, wenn sie f\u00fcr die vorgenannten Verarbeitungszwecke nicht mehr erforderlich sind [&hellip;]<\/p>\n","protected":false},"author":2,"featured_media":0,"parent":0,"menu_order":0,"comment_status":"closed","ping_status":"closed","template":"","meta":{"ocean_post_layout":"","ocean_both_sidebars_style":"","ocean_both_sidebars_content_width":0,"ocean_both_sidebars_sidebars_width":0,"ocean_sidebar":"0","ocean_second_sidebar":"0","ocean_disable_margins":"enable","ocean_add_body_class":"","ocean_shortcode_before_top_bar":"","ocean_shortcode_after_top_bar":"","ocean_shortcode_before_header":"","ocean_shortcode_after_header":"","ocean_has_shortcode":"","ocean_shortcode_after_title":"","ocean_shortcode_before_footer_widgets":"","ocean_shortcode_after_footer_widgets":"","ocean_shortcode_before_footer_bottom":"","ocean_shortcode_after_footer_bottom":"","ocean_display_top_bar":"default","ocean_display_header":"default","ocean_header_style":"","ocean_center_header_left_menu":"0","ocean_custom_header_template":"0","ocean_custom_logo":0,"ocean_custom_retina_logo":0,"ocean_custom_logo_max_width":0,"ocean_custom_logo_tablet_max_width":0,"ocean_custom_logo_mobile_max_width":0,"ocean_custom_logo_max_height":0,"ocean_custom_logo_tablet_max_height":0,"ocean_custom_logo_mobile_max_height":0,"ocean_header_custom_menu":"0","ocean_menu_typo_font_family":"0","ocean_menu_typo_font_subset":"","ocean_menu_typo_font_size":0,"ocean_menu_typo_font_size_tablet":0,"ocean_menu_typo_font_size_mobile":0,"ocean_menu_typo_font_size_unit":"px","ocean_menu_typo_font_weight":"","ocean_menu_typo_font_weight_tablet":"","ocean_menu_typo_font_weight_mobile":"","ocean_menu_typo_transform":"","ocean_menu_typo_transform_tablet":"","ocean_menu_typo_transform_mobile":"","ocean_menu_typo_line_height":0,"ocean_menu_typo_line_height_tablet":0,"ocean_menu_typo_line_height_mobile":0,"ocean_menu_typo_line_height_unit":"","ocean_menu_typo_spacing":0,"ocean_menu_typo_spacing_tablet":0,"ocean_menu_typo_spacing_mobile":0,"ocean_menu_typo_spacing_unit":"","ocean_menu_link_color":"","ocean_menu_link_color_hover":"","ocean_menu_link_color_active":"","ocean_menu_link_background":"","ocean_menu_link_hover_background":"","ocean_menu_link_active_background":"","ocean_menu_social_links_bg":"","ocean_menu_social_hover_links_bg":"","ocean_menu_social_links_color":"","ocean_menu_social_hover_links_color":"","ocean_disable_title":"default","ocean_disable_heading":"default","ocean_post_title":"","ocean_post_subheading":"","ocean_post_title_style":"","ocean_post_title_background_color":"","ocean_post_title_background":0,"ocean_post_title_bg_image_position":"","ocean_post_title_bg_image_attachment":"","ocean_post_title_bg_image_repeat":"","ocean_post_title_bg_image_size":"","ocean_post_title_height":0,"ocean_post_title_bg_overlay":0.5,"ocean_post_title_bg_overlay_color":"","ocean_disable_breadcrumbs":"default","ocean_breadcrumbs_color":"","ocean_breadcrumbs_separator_color":"","ocean_breadcrumbs_links_color":"","ocean_breadcrumbs_links_hover_color":"","ocean_display_footer_widgets":"default","ocean_display_footer_bottom":"default","ocean_custom_footer_template":"0","footnotes":""},"class_list":["post-36","page","type-page","status-publish","hentry","entry"],"_links":{"self":[{"href":"https:\/\/passform.biba.uni-bremen.de\/index.php\/wp-json\/wp\/v2\/pages\/36","targetHints":{"allow":["GET"]}}],"collection":[{"href":"https:\/\/passform.biba.uni-bremen.de\/index.php\/wp-json\/wp\/v2\/pages"}],"about":[{"href":"https:\/\/passform.biba.uni-bremen.de\/index.php\/wp-json\/wp\/v2\/types\/page"}],"author":[{"embeddable":true,"href":"https:\/\/passform.biba.uni-bremen.de\/index.php\/wp-json\/wp\/v2\/users\/2"}],"replies":[{"embeddable":true,"href":"https:\/\/passform.biba.uni-bremen.de\/index.php\/wp-json\/wp\/v2\/comments?post=36"}],"version-history":[{"count":13,"href":"https:\/\/passform.biba.uni-bremen.de\/index.php\/wp-json\/wp\/v2\/pages\/36\/revisions"}],"predecessor-version":[{"id":164,"href":"https:\/\/passform.biba.uni-bremen.de\/index.php\/wp-json\/wp\/v2\/pages\/36\/revisions\/164"}],"wp:attachment":[{"href":"https:\/\/passform.biba.uni-bremen.de\/index.php\/wp-json\/wp\/v2\/media?parent=36"}],"curies":[{"name":"wp","href":"https:\/\/api.w.org\/{rel}","templated":true}]}}